{"id":1272,"date":"2026-04-10T11:07:13","date_gmt":"2026-04-10T14:07:13","guid":{"rendered":"https:\/\/cersulpetshop.com.br\/produtos\/?post_type=product&#038;p=1272"},"modified":"2026-04-16T10:12:35","modified_gmt":"2026-04-16T13:12:35","slug":"racao-bionatural-adulto-15kg","status":"publish","type":"product","link":"https:\/\/cersulpetshop.com.br\/produtos\/?product=racao-bionatural-adulto-15kg","title":{"rendered":"BIONATURAL ADULTO RA\u00c7AS PEQUENAS 15 KG"},"content":{"rendered":"<p>A Ra\u00e7\u00e3o Bionatural Prime Para C\u00e3es Adultos Porte Pequeno Sabor Frango \u00e9 formulada para atender \u00e0s necessidades nutricionais dos c\u00e3es de porte pequeno. Feita com ingredientes de alta qualidade, proporciona uma dieta equilibrada, garantindo a sa\u00fade e o bem-estar do seu pet.<\/p>\n<ul>\n<li>Alimento completo e balanceado para c\u00e3es de porte pequeno.<\/li>\n<li>Proporciona suporte \u00e0 sa\u00fade digestiva.<\/li>\n<li>Enriquecido com vitaminas e minerais essenciais.<\/li>\n<li>Ingredientes de alta qualidade para uma nutri\u00e7\u00e3o superior.<\/li>\n<li>Melhora a condi\u00e7\u00e3o da pele e do pelo.<\/li>\n<\/ul>\n","protected":false},"excerpt":{"rendered":"<p>A Ra\u00e7\u00e3o Bionatural Prime Para C\u00e3es Adultos Porte Pequeno Sabor Frango \u00e9 formulada para atender \u00e0s necessidades nutricionais dos c\u00e3es de porte pequeno. Feita com ingredientes de alta qualidade, proporciona uma dieta equilibrada, garantindo a sa\u00fade e o bem-estar do seu pet. Alimento completo e balanceado para c\u00e3es de porte pequeno. Proporciona suporte \u00e0 sa\u00fade [&hellip;]<\/p>\n","protected":false},"featured_media":1273,"comment_status":"open","ping_status":"closed","template":"","meta":[],"product_brand":[],"product_cat":[80,71],"product_tag":[],"class_list":{"0":"post-1272","1":"product","2":"type-product","3":"status-publish","4":"has-post-thumbnail","6":"product_cat-caes-racas-pequenas","7":"product_cat-racoes-caes","9":"first","10":"instock","11":"shipping-taxable","12":"purchasable","13":"product-type-simple"},"_links":{"self":[{"href":"https:\/\/cersulpetshop.com.br\/produtos\/index.php?rest_route=\/wp\/v2\/product\/1272","targetHints":{"allow":["GET"]}}],"collection":[{"href":"https:\/\/cersulpetshop.com.br\/produtos\/index.php?rest_route=\/wp\/v2\/product"}],"about":[{"href":"https:\/\/cersulpetshop.com.br\/produtos\/index.php?rest_route=\/wp\/v2\/types\/product"}],"replies":[{"embeddable":true,"href":"https:\/\/cersulpetshop.com.br\/produtos\/index.php?rest_route=%2Fwp%2Fv2%2Fcomments&post=1272"}],"wp:featuredmedia":[{"embeddable":true,"href":"https:\/\/cersulpetshop.com.br\/produtos\/index.php?rest_route=\/wp\/v2\/media\/1273"}],"wp:attachment":[{"href":"https:\/\/cersulpetshop.com.br\/produtos\/index.php?rest_route=%2Fwp%2Fv2%2Fmedia&parent=1272"}],"wp:term":[{"taxonomy":"product_brand","embeddable":true,"href":"https:\/\/cersulpetshop.com.br\/produtos\/index.php?rest_route=%2Fwp%2Fv2%2Fproduct_brand&post=1272"},{"taxonomy":"product_cat","embeddable":true,"href":"https:\/\/cersulpetshop.com.br\/produtos\/index.php?rest_route=%2Fwp%2Fv2%2Fproduct_cat&post=1272"},{"taxonomy":"product_tag","embeddable":true,"href":"https:\/\/cersulpetshop.com.br\/produtos\/index.php?rest_route=%2Fwp%2Fv2%2Fproduct_tag&post=1272"}],"curies":[{"name":"wp","href":"https:\/\/api.w.org\/{rel}","templated":true}]}}