{"id":137,"date":"2025-05-22T10:46:46","date_gmt":"2025-05-22T13:46:46","guid":{"rendered":"https:\/\/cersulpetshop.com.br\/produtos\/?post_type=product&#038;p=137"},"modified":"2026-04-10T08:35:13","modified_gmt":"2026-04-10T11:35:13","slug":"racao-special-dog-gold-20kg","status":"publish","type":"product","link":"https:\/\/cersulpetshop.com.br\/produtos\/?product=racao-special-dog-gold-20kg","title":{"rendered":"RA\u00c7\u00c3O SPECIAL DOG GOLD 20KG"},"content":{"rendered":"<p><strong>Ra\u00e7\u00e3o Special Dog C\u00e3es Gold<\/strong>\u00a0\u00e9 um alimento Premium ideal para c\u00e3es adultos, pois cont\u00e9m blend de prote\u00ednas com BCAA que v\u00e3o trazer fortalecimento e recupera\u00e7\u00e3o muscular.<\/p>\n<p>Favorece o equil\u00edbrio para o bem-estar di\u00e1rio, cont\u00e9m 23% de prote\u00ednas e com isso trazendo mais qualidade de vida para o pet.<\/p>\n<p>Auxilia na manuten\u00e7\u00e3o muscular, protege a articula\u00e7\u00e3o pois conta com condroitina. Conta com \u00f4megas 3 e 6 deixando a pele protegida e a os pelos mais bonitos.<\/p>\n","protected":false},"excerpt":{"rendered":"<p>Ra\u00e7\u00e3o Special Dog C\u00e3es Gold\u00a0\u00e9 um alimento Premium ideal para c\u00e3es adultos, pois cont\u00e9m blend de prote\u00ednas com BCAA que v\u00e3o trazer fortalecimento e recupera\u00e7\u00e3o muscular. Favorece o equil\u00edbrio para o bem-estar di\u00e1rio, cont\u00e9m 23% de prote\u00ednas e com isso trazendo mais qualidade de vida para o pet. Auxilia na manuten\u00e7\u00e3o muscular, protege a articula\u00e7\u00e3o [&hellip;]<\/p>\n","protected":false},"featured_media":1234,"comment_status":"open","ping_status":"closed","template":"","meta":[],"product_brand":[44],"product_cat":[79,71],"product_tag":[37,40,16],"class_list":{"0":"post-137","1":"product","2":"type-product","3":"status-publish","4":"has-post-thumbnail","6":"product_brand-special-dog","7":"product_cat-caes-racas-medias-grande","8":"product_cat-racoes-caes","9":"product_tag-20kg","10":"product_tag-caes","11":"product_tag-racao","13":"first","14":"instock","15":"shipping-taxable","16":"purchasable","17":"product-type-simple"},"_links":{"self":[{"href":"https:\/\/cersulpetshop.com.br\/produtos\/index.php?rest_route=\/wp\/v2\/product\/137","targetHints":{"allow":["GET"]}}],"collection":[{"href":"https:\/\/cersulpetshop.com.br\/produtos\/index.php?rest_route=\/wp\/v2\/product"}],"about":[{"href":"https:\/\/cersulpetshop.com.br\/produtos\/index.php?rest_route=\/wp\/v2\/types\/product"}],"replies":[{"embeddable":true,"href":"https:\/\/cersulpetshop.com.br\/produtos\/index.php?rest_route=%2Fwp%2Fv2%2Fcomments&post=137"}],"wp:featuredmedia":[{"embeddable":true,"href":"https:\/\/cersulpetshop.com.br\/produtos\/index.php?rest_route=\/wp\/v2\/media\/1234"}],"wp:attachment":[{"href":"https:\/\/cersulpetshop.com.br\/produtos\/index.php?rest_route=%2Fwp%2Fv2%2Fmedia&parent=137"}],"wp:term":[{"taxonomy":"product_brand","embeddable":true,"href":"https:\/\/cersulpetshop.com.br\/produtos\/index.php?rest_route=%2Fwp%2Fv2%2Fproduct_brand&post=137"},{"taxonomy":"product_cat","embeddable":true,"href":"https:\/\/cersulpetshop.com.br\/produtos\/index.php?rest_route=%2Fwp%2Fv2%2Fproduct_cat&post=137"},{"taxonomy":"product_tag","embeddable":true,"href":"https:\/\/cersulpetshop.com.br\/produtos\/index.php?rest_route=%2Fwp%2Fv2%2Fproduct_tag&post=137"}],"curies":[{"name":"wp","href":"https:\/\/api.w.org\/{rel}","templated":true}]}}