{"id":146,"date":"2025-05-22T11:25:31","date_gmt":"2025-05-22T14:25:31","guid":{"rendered":"https:\/\/cersulpetshop.com.br\/produtos\/?post_type=product&#038;p=146"},"modified":"2025-06-23T11:33:46","modified_gmt":"2025-06-23T14:33:46","slug":"racao-quidog-7kg","status":"publish","type":"product","link":"https:\/\/cersulpetshop.com.br\/produtos\/?product=racao-quidog-7kg","title":{"rendered":"RA\u00c7\u00c3O QUIDOG 7KG"},"content":{"rendered":"<p><strong>Caracter\u00edsticas<\/strong><\/p>\n<p>&#8211; 22 % de prote\u00edna<br \/>\n&#8211; \u00d4megas 3 e 6<br \/>\n&#8211; Extrato de yucca<br \/>\n&#8211; Sem corantes e aromatizantes artificiais<br \/>\n&#8211; Prebi\u00f3tico MOS<br \/>\n&#8211; Ossos e dentes fortes<\/p>\n<p><strong>Especifica\u00e7\u00f5es<\/strong><\/p>\n<p><strong>Idade:\u00a0<\/strong>Adulto<\/p>\n<p><strong>Linha:<\/strong>\u00a0Premium<\/p>\n<p><strong>Pet:\u00a0<\/strong>Cachorros<\/p>\n<p><strong>Porte de Ra\u00e7a:<\/strong>\u00a0Pequeno, Medios e Grandes<\/p>\n<p><strong>Tipo:\u00a0<\/strong>Ra\u00e7\u00e3o seca<\/p>\n<p><strong>Indica\u00e7\u00e3o:\u00a0<\/strong>C\u00e3es adultos<\/p>\n<p><strong>Composi\u00e7\u00e3o<\/strong>: Milho Integral mo\u00eddo2, farinha de carne e ossos bovino, g\u00e9rmen de milho desengordurado2, farelo de soja1, quirera de arroz, farelo de trigo, farinha de v\u00edsceras de aves, \u00f3leo de frango, hidrolisado a base de f\u00edgado de aves e f\u00edgado su\u00edno, semente de linha\u00e7a, sal comum, \u00e1cido f\u00f3lico, hidr\u00f3xido de tolueno butilado, biotina, cloreto de colina, iodato de c\u00e1lcio, niacina, pantotenato de c\u00e1lcio, selenito de s\u00f3dio, sulfato de cobre, sulfato de ferro, sulfato de mangan\u00eas, sulfato de zinco, vitamina A, vitamina B1, vitamina B12, vitamina B2, vitamina B6, vitamina D3, vitamina E, vitamina K3, corante natural caramelo, mananoligossacar\u00eddeos (0,1%), parede celular de levedura, proteinato de sel\u00eanio, carv\u00e3o vegetal, aluminosilicato de s\u00f3dio, aluminosilicato de c\u00e1lcio, propionato de c\u00e1lcio, butilhidroxitolueno, propil galato, extrato de yucca (0,05%).<br \/>\nEsp\u00e9cies doadoras dos genes: 1Agrobacterium sp; 2Bacillus thuringiensis; 2Streptomyces tumefaciens; 2Streptomyces viridochromogenes.<\/p>\n","protected":false},"excerpt":{"rendered":"<p>Caracter\u00edsticas &#8211; 22 % de prote\u00edna &#8211; \u00d4megas 3 e 6 &#8211; Extrato de yucca &#8211; Sem corantes e aromatizantes artificiais &#8211; Prebi\u00f3tico MOS &#8211; Ossos e dentes fortes Especifica\u00e7\u00f5es Idade:\u00a0Adulto Linha:\u00a0Premium Pet:\u00a0Cachorros Porte de Ra\u00e7a:\u00a0Pequeno, Medios e Grandes Tipo:\u00a0Ra\u00e7\u00e3o seca Indica\u00e7\u00e3o:\u00a0C\u00e3es adultos Composi\u00e7\u00e3o: Milho Integral mo\u00eddo2, farinha de carne e ossos bovino, g\u00e9rmen de [&hellip;]<\/p>\n","protected":false},"featured_media":147,"comment_status":"open","ping_status":"closed","template":"","meta":[],"product_brand":[47],"product_cat":[79,71],"product_tag":[33,40,16],"class_list":{"0":"post-146","1":"product","2":"type-product","3":"status-publish","4":"has-post-thumbnail","6":"product_brand-quidog","7":"product_cat-caes-racas-medias-grande","8":"product_cat-racoes-caes","9":"product_tag-7kg","10":"product_tag-caes","11":"product_tag-racao","13":"first","14":"instock","15":"shipping-taxable","16":"purchasable","17":"product-type-simple"},"_links":{"self":[{"href":"https:\/\/cersulpetshop.com.br\/produtos\/index.php?rest_route=\/wp\/v2\/product\/146","targetHints":{"allow":["GET"]}}],"collection":[{"href":"https:\/\/cersulpetshop.com.br\/produtos\/index.php?rest_route=\/wp\/v2\/product"}],"about":[{"href":"https:\/\/cersulpetshop.com.br\/produtos\/index.php?rest_route=\/wp\/v2\/types\/product"}],"replies":[{"embeddable":true,"href":"https:\/\/cersulpetshop.com.br\/produtos\/index.php?rest_route=%2Fwp%2Fv2%2Fcomments&post=146"}],"wp:featuredmedia":[{"embeddable":true,"href":"https:\/\/cersulpetshop.com.br\/produtos\/index.php?rest_route=\/wp\/v2\/media\/147"}],"wp:attachment":[{"href":"https:\/\/cersulpetshop.com.br\/produtos\/index.php?rest_route=%2Fwp%2Fv2%2Fmedia&parent=146"}],"wp:term":[{"taxonomy":"product_brand","embeddable":true,"href":"https:\/\/cersulpetshop.com.br\/produtos\/index.php?rest_route=%2Fwp%2Fv2%2Fproduct_brand&post=146"},{"taxonomy":"product_cat","embeddable":true,"href":"https:\/\/cersulpetshop.com.br\/produtos\/index.php?rest_route=%2Fwp%2Fv2%2Fproduct_cat&post=146"},{"taxonomy":"product_tag","embeddable":true,"href":"https:\/\/cersulpetshop.com.br\/produtos\/index.php?rest_route=%2Fwp%2Fv2%2Fproduct_tag&post=146"}],"curies":[{"name":"wp","href":"https:\/\/api.w.org\/{rel}","templated":true}]}}