{"id":165,"date":"2025-05-22T11:58:14","date_gmt":"2025-05-22T14:58:14","guid":{"rendered":"https:\/\/cersulpetshop.com.br\/produtos\/?post_type=product&#038;p=165"},"modified":"2025-06-23T11:12:10","modified_gmt":"2025-06-23T14:12:10","slug":"racao-golden-selecao-natural-12kg","status":"publish","type":"product","link":"https:\/\/cersulpetshop.com.br\/produtos\/?product=racao-golden-selecao-natural-12kg","title":{"rendered":"RA\u00c7\u00c3O GOLDEN SELE\u00c7\u00c3O NATURAL 12KG"},"content":{"rendered":"<p>&#8211; Auxilia a redu\u00e7\u00e3o da forma\u00e7\u00e3o do t\u00e1rtaro, favorece a pele nutrida e pelagem sedosa;<br \/>\n&#8211; Intestino saud\u00e1vel: combina\u00e7\u00e3o de nutrientes de alta digestibilidade e fibras naturais;<br \/>\n&#8211; Redu\u00e7\u00e3o do odor das fezes: sele\u00e7\u00e3o de ingredientes especiais que auxiliam na redu\u00e7\u00e3o do odor das fezes.<\/p>\n","protected":false},"excerpt":{"rendered":"<p>&#8211; Auxilia a redu\u00e7\u00e3o da forma\u00e7\u00e3o do t\u00e1rtaro, favorece a pele nutrida e pelagem sedosa; &#8211; Intestino saud\u00e1vel: combina\u00e7\u00e3o de nutrientes de alta digestibilidade e fibras naturais; &#8211; Redu\u00e7\u00e3o do odor das fezes: sele\u00e7\u00e3o de ingredientes especiais que auxiliam na redu\u00e7\u00e3o do odor das fezes.<\/p>\n","protected":false},"featured_media":166,"comment_status":"open","ping_status":"closed","template":"","meta":[],"product_brand":[43],"product_cat":[71],"product_tag":[35,40,16],"class_list":{"0":"post-165","1":"product","2":"type-product","3":"status-publish","4":"has-post-thumbnail","6":"product_brand-golden","7":"product_cat-racoes-caes","8":"product_tag-12kg","9":"product_tag-caes","10":"product_tag-racao","12":"first","13":"instock","14":"shipping-taxable","15":"purchasable","16":"product-type-simple"},"_links":{"self":[{"href":"https:\/\/cersulpetshop.com.br\/produtos\/index.php?rest_route=\/wp\/v2\/product\/165","targetHints":{"allow":["GET"]}}],"collection":[{"href":"https:\/\/cersulpetshop.com.br\/produtos\/index.php?rest_route=\/wp\/v2\/product"}],"about":[{"href":"https:\/\/cersulpetshop.com.br\/produtos\/index.php?rest_route=\/wp\/v2\/types\/product"}],"replies":[{"embeddable":true,"href":"https:\/\/cersulpetshop.com.br\/produtos\/index.php?rest_route=%2Fwp%2Fv2%2Fcomments&post=165"}],"wp:featuredmedia":[{"embeddable":true,"href":"https:\/\/cersulpetshop.com.br\/produtos\/index.php?rest_route=\/wp\/v2\/media\/166"}],"wp:attachment":[{"href":"https:\/\/cersulpetshop.com.br\/produtos\/index.php?rest_route=%2Fwp%2Fv2%2Fmedia&parent=165"}],"wp:term":[{"taxonomy":"product_brand","embeddable":true,"href":"https:\/\/cersulpetshop.com.br\/produtos\/index.php?rest_route=%2Fwp%2Fv2%2Fproduct_brand&post=165"},{"taxonomy":"product_cat","embeddable":true,"href":"https:\/\/cersulpetshop.com.br\/produtos\/index.php?rest_route=%2Fwp%2Fv2%2Fproduct_cat&post=165"},{"taxonomy":"product_tag","embeddable":true,"href":"https:\/\/cersulpetshop.com.br\/produtos\/index.php?rest_route=%2Fwp%2Fv2%2Fproduct_tag&post=165"}],"curies":[{"name":"wp","href":"https:\/\/api.w.org\/{rel}","templated":true}]}}