{"id":387,"date":"2025-06-23T14:16:01","date_gmt":"2025-06-23T17:16:01","guid":{"rendered":"https:\/\/cersulpetshop.com.br\/produtos\/?post_type=product&#038;p=387"},"modified":"2026-04-16T11:03:59","modified_gmt":"2026-04-16T14:03:59","slug":"racao-premier-spitz-1kg","status":"publish","type":"product","link":"https:\/\/cersulpetshop.com.br\/produtos\/?product=racao-premier-spitz-1kg","title":{"rendered":"PREMIER SPITZ ALEM\u00c3O 1KG"},"content":{"rendered":"<p>Cada ra\u00e7a possui suas particularidades e precisa de cuidados especiais. Para elas, existe Premier Ra\u00e7as Espec\u00edficas, a primeira linha mundial que garante uma nutri\u00e7\u00e3o espec\u00edfica para seu c\u00e3o. Desenvolvida com ingredientes nobres e alta tecnologia, Premier Ra\u00e7as Espec\u00edficas oferece benef\u00edcios exclusivos que suprem as necessidades nutricionais de cada ra\u00e7a. Confira se a ra\u00e7a do seu c\u00e3o \u00e9 atendida pela linha.NUTRI\u00c7\u00c3O ESPEC\u00cdFICA<\/p>\n<p>Suporte articular pela associa\u00e7\u00e3o de \u00df-Glucano purificado, condroitina e glicosamina. Pelagem bonita e pele saud\u00e1vel atrav\u00e9s de \u00e1cidos graxos essenciais \u00f4megas 3 e 6, biotina e zinco.<\/p>\n<p>SA\u00daDE ORAL<br \/>\nCont\u00e9m hexametafosfato de s\u00f3dio, importante ingrediente para a preven\u00e7\u00e3o da forma\u00e7\u00e3o do c\u00e1lculo dental.<\/p>\n<p>SA\u00daDE INTESTINAL<br \/>\nAtrav\u00e9s da combina\u00e7\u00e3o de ingredientes de alta digestibilidade, fibras especiais e prebi\u00f3ticos.<\/p>\n<p>ODOR E VOLUME DE FEZES REDUZIDOS<br \/>\nAssocia\u00e7\u00e3o de fibras especiais e extrato de yucca. COMPOSI\u00c7\u00c3O: Farinha de v\u00edsceras de frango, gl\u00faten de trigo, prote\u00edna isolada de su\u00edno, ovo desidratado, cevada, farinha de ervilha, quirera de arroz, gordura de frango, gordura su\u00edna, \u00f3leo de peixe, celulose, polpa de beterraba, \u00e1cido propi\u00f4nico, antioxidantes BHA e BHT (0,012%), cloreto de pot\u00e1ssio, cloreto de s\u00f3dio, extrato de yucca (0,04%), hexametafosfato de s\u00f3dio (0,1%), hidrolisado de su\u00edno e frango, levedura seca de cervejaria, mananoligossacar\u00eddeos (0,2%), parede celular de levedura, sulfato de condroitina, sulfato de glicosamina, \u00df-glucano, vitamina A, vitamina B12, vitamina C, vitamina D3, vitamina E, vitamina K3, \u00e1cido f\u00f3lico, \u00e1cido pantot\u00eanico, biotina, cloreto de colina, niacina, piridoxina, riboflavina, tiamina, cobre amino\u00e1cido quelato, ferro amino\u00e1cido quelato, iodeto de pot\u00e1ssio, mangan\u00eas amino\u00e1cido quelato, proteinato de sel\u00eanio, sulfato de cobre, sulfato de ferro, sulfato de mangan\u00eas, sulfato de zinco, zinco amino\u00e1cido quelato.<\/p>\n","protected":false},"excerpt":{"rendered":"<p>Cada ra\u00e7a possui suas particularidades e precisa de cuidados especiais. Para elas, existe Premier Ra\u00e7as Espec\u00edficas, a primeira linha mundial que garante uma nutri\u00e7\u00e3o espec\u00edfica para seu c\u00e3o. Desenvolvida com ingredientes nobres e alta tecnologia, Premier Ra\u00e7as Espec\u00edficas oferece benef\u00edcios exclusivos que suprem as necessidades nutricionais de cada ra\u00e7a. Confira se a ra\u00e7a do seu [&hellip;]<\/p>\n","protected":false},"featured_media":388,"comment_status":"open","ping_status":"closed","template":"","meta":[],"product_brand":[],"product_cat":[80,71],"product_tag":[],"class_list":{"0":"post-387","1":"product","2":"type-product","3":"status-publish","4":"has-post-thumbnail","6":"product_cat-caes-racas-pequenas","7":"product_cat-racoes-caes","9":"first","10":"instock","11":"shipping-taxable","12":"purchasable","13":"product-type-simple"},"_links":{"self":[{"href":"https:\/\/cersulpetshop.com.br\/produtos\/index.php?rest_route=\/wp\/v2\/product\/387","targetHints":{"allow":["GET"]}}],"collection":[{"href":"https:\/\/cersulpetshop.com.br\/produtos\/index.php?rest_route=\/wp\/v2\/product"}],"about":[{"href":"https:\/\/cersulpetshop.com.br\/produtos\/index.php?rest_route=\/wp\/v2\/types\/product"}],"replies":[{"embeddable":true,"href":"https:\/\/cersulpetshop.com.br\/produtos\/index.php?rest_route=%2Fwp%2Fv2%2Fcomments&post=387"}],"wp:featuredmedia":[{"embeddable":true,"href":"https:\/\/cersulpetshop.com.br\/produtos\/index.php?rest_route=\/wp\/v2\/media\/388"}],"wp:attachment":[{"href":"https:\/\/cersulpetshop.com.br\/produtos\/index.php?rest_route=%2Fwp%2Fv2%2Fmedia&parent=387"}],"wp:term":[{"taxonomy":"product_brand","embeddable":true,"href":"https:\/\/cersulpetshop.com.br\/produtos\/index.php?rest_route=%2Fwp%2Fv2%2Fproduct_brand&post=387"},{"taxonomy":"product_cat","embeddable":true,"href":"https:\/\/cersulpetshop.com.br\/produtos\/index.php?rest_route=%2Fwp%2Fv2%2Fproduct_cat&post=387"},{"taxonomy":"product_tag","embeddable":true,"href":"https:\/\/cersulpetshop.com.br\/produtos\/index.php?rest_route=%2Fwp%2Fv2%2Fproduct_tag&post=387"}],"curies":[{"name":"wp","href":"https:\/\/api.w.org\/{rel}","templated":true}]}}