{"id":433,"date":"2025-06-23T16:16:27","date_gmt":"2025-06-23T19:16:27","guid":{"rendered":"https:\/\/cersulpetshop.com.br\/produtos\/?post_type=product&#038;p=433"},"modified":"2025-07-22T15:39:35","modified_gmt":"2025-07-22T18:39:35","slug":"racao-special-dog-junior-20kg-2","status":"publish","type":"product","link":"https:\/\/cersulpetshop.com.br\/produtos\/?product=racao-special-dog-junior-20kg-2","title":{"rendered":"RA\u00c7\u00c3O SPECIAL DOG JUNIOR 20kg"},"content":{"rendered":"<p>&#8211; Indicada para c\u00e3es filhotes;<br \/>\n&#8211; Linha Premium;<br \/>\n&#8211; Com 26% de prote\u00edna de alta qualidade;<br \/>\n&#8211; Com DHA que estimula a capacidade de aprendizagem;<br \/>\n&#8211; Com \u00f4megas e zinco org\u00e2nico;<br \/>\n&#8211; Enriquecido com vitaminas para equil\u00edbrio e bem estar;<br \/>\n&#8211; Extrato de yucca que reduz o odor das fezes;<br \/>\n&#8211; Com 100% de minerais org\u00e2nicos para absor\u00e7\u00e3o de forma mais eficiente.<\/p>\n","protected":false},"excerpt":{"rendered":"<p>&#8211; Indicada para c\u00e3es filhotes; &#8211; Linha Premium; &#8211; Com 26% de prote\u00edna de alta qualidade; &#8211; Com DHA que estimula a capacidade de aprendizagem; &#8211; Com \u00f4megas e zinco org\u00e2nico; &#8211; Enriquecido com vitaminas para equil\u00edbrio e bem estar; &#8211; Extrato de yucca que reduz o odor das fezes; &#8211; Com 100% de minerais [&hellip;]<\/p>\n","protected":false},"featured_media":434,"comment_status":"open","ping_status":"closed","template":"","meta":[],"product_brand":[],"product_cat":[81,71],"product_tag":[],"class_list":{"0":"post-433","1":"product","2":"type-product","3":"status-publish","4":"has-post-thumbnail","6":"product_cat-caes-filhote","7":"product_cat-racoes-caes","9":"first","10":"instock","11":"shipping-taxable","12":"purchasable","13":"product-type-simple"},"_links":{"self":[{"href":"https:\/\/cersulpetshop.com.br\/produtos\/index.php?rest_route=\/wp\/v2\/product\/433","targetHints":{"allow":["GET"]}}],"collection":[{"href":"https:\/\/cersulpetshop.com.br\/produtos\/index.php?rest_route=\/wp\/v2\/product"}],"about":[{"href":"https:\/\/cersulpetshop.com.br\/produtos\/index.php?rest_route=\/wp\/v2\/types\/product"}],"replies":[{"embeddable":true,"href":"https:\/\/cersulpetshop.com.br\/produtos\/index.php?rest_route=%2Fwp%2Fv2%2Fcomments&post=433"}],"wp:featuredmedia":[{"embeddable":true,"href":"https:\/\/cersulpetshop.com.br\/produtos\/index.php?rest_route=\/wp\/v2\/media\/434"}],"wp:attachment":[{"href":"https:\/\/cersulpetshop.com.br\/produtos\/index.php?rest_route=%2Fwp%2Fv2%2Fmedia&parent=433"}],"wp:term":[{"taxonomy":"product_brand","embeddable":true,"href":"https:\/\/cersulpetshop.com.br\/produtos\/index.php?rest_route=%2Fwp%2Fv2%2Fproduct_brand&post=433"},{"taxonomy":"product_cat","embeddable":true,"href":"https:\/\/cersulpetshop.com.br\/produtos\/index.php?rest_route=%2Fwp%2Fv2%2Fproduct_cat&post=433"},{"taxonomy":"product_tag","embeddable":true,"href":"https:\/\/cersulpetshop.com.br\/produtos\/index.php?rest_route=%2Fwp%2Fv2%2Fproduct_tag&post=433"}],"curies":[{"name":"wp","href":"https:\/\/api.w.org\/{rel}","templated":true}]}}