{"id":447,"date":"2025-06-23T16:29:54","date_gmt":"2025-06-23T19:29:54","guid":{"rendered":"https:\/\/cersulpetshop.com.br\/produtos\/?post_type=product&#038;p=447"},"modified":"2026-04-16T10:48:13","modified_gmt":"2026-04-16T13:48:13","slug":"racao-bomguy-20kg","status":"publish","type":"product","link":"https:\/\/cersulpetshop.com.br\/produtos\/?product=racao-bomguy-20kg","title":{"rendered":"BOMGUY FILHOTE FRANGO 25KG"},"content":{"rendered":"<p>&#8211; Alimento completo e balanceado, livre de corantes;<br \/>\n&#8211; Feito para agradar at\u00e9 os paladares mais exigentes;<br \/>\n&#8211; Rico em prote\u00ednas, composto por 28% de prote\u00edna bruta;<br \/>\n&#8211; F\u00e1cil digestibilidade, proporciona maior absor\u00e7\u00e3o de nutrientes;<br \/>\n&#8211; Contribui para o bom funcionamento intestinal e sa\u00fade dos dentes;<br \/>\n&#8211; Com extrato de yucca, auxilia na redu\u00e7\u00e3o do volume e odor das fezes.<\/p>\n","protected":false},"excerpt":{"rendered":"<p>&#8211; Alimento completo e balanceado, livre de corantes; &#8211; Feito para agradar at\u00e9 os paladares mais exigentes; &#8211; Rico em prote\u00ednas, composto por 28% de prote\u00edna bruta; &#8211; F\u00e1cil digestibilidade, proporciona maior absor\u00e7\u00e3o de nutrientes; &#8211; Contribui para o bom funcionamento intestinal e sa\u00fade dos dentes; &#8211; Com extrato de yucca, auxilia na redu\u00e7\u00e3o do [&hellip;]<\/p>\n","protected":false},"featured_media":448,"comment_status":"open","ping_status":"closed","template":"","meta":[],"product_brand":[],"product_cat":[81,71],"product_tag":[],"class_list":{"0":"post-447","1":"product","2":"type-product","3":"status-publish","4":"has-post-thumbnail","6":"product_cat-caes-filhote","7":"product_cat-racoes-caes","9":"first","10":"outofstock","11":"shipping-taxable","12":"purchasable","13":"product-type-simple"},"_links":{"self":[{"href":"https:\/\/cersulpetshop.com.br\/produtos\/index.php?rest_route=\/wp\/v2\/product\/447","targetHints":{"allow":["GET"]}}],"collection":[{"href":"https:\/\/cersulpetshop.com.br\/produtos\/index.php?rest_route=\/wp\/v2\/product"}],"about":[{"href":"https:\/\/cersulpetshop.com.br\/produtos\/index.php?rest_route=\/wp\/v2\/types\/product"}],"replies":[{"embeddable":true,"href":"https:\/\/cersulpetshop.com.br\/produtos\/index.php?rest_route=%2Fwp%2Fv2%2Fcomments&post=447"}],"wp:featuredmedia":[{"embeddable":true,"href":"https:\/\/cersulpetshop.com.br\/produtos\/index.php?rest_route=\/wp\/v2\/media\/448"}],"wp:attachment":[{"href":"https:\/\/cersulpetshop.com.br\/produtos\/index.php?rest_route=%2Fwp%2Fv2%2Fmedia&parent=447"}],"wp:term":[{"taxonomy":"product_brand","embeddable":true,"href":"https:\/\/cersulpetshop.com.br\/produtos\/index.php?rest_route=%2Fwp%2Fv2%2Fproduct_brand&post=447"},{"taxonomy":"product_cat","embeddable":true,"href":"https:\/\/cersulpetshop.com.br\/produtos\/index.php?rest_route=%2Fwp%2Fv2%2Fproduct_cat&post=447"},{"taxonomy":"product_tag","embeddable":true,"href":"https:\/\/cersulpetshop.com.br\/produtos\/index.php?rest_route=%2Fwp%2Fv2%2Fproduct_tag&post=447"}],"curies":[{"name":"wp","href":"https:\/\/api.w.org\/{rel}","templated":true}]}}