{"id":531,"date":"2025-07-14T10:17:49","date_gmt":"2025-07-14T13:17:49","guid":{"rendered":"https:\/\/cersulpetshop.com.br\/produtos\/?post_type=product&#038;p=531"},"modified":"2025-07-14T10:22:29","modified_gmt":"2025-07-14T13:22:29","slug":"pipicat-classic-4kg","status":"publish","type":"product","link":"https:\/\/cersulpetshop.com.br\/produtos\/?product=pipicat-classic-4kg","title":{"rendered":"PIPICAT CLASSIC 4KG"},"content":{"rendered":"<p>&#8211; Sem fragr\u00e2ncia;<br \/>\n&#8211; Gr\u00e3os m\u00e9dios;<br \/>\n&#8211; Forma torr\u00f5es que facilitam a limpeza;<br \/>\n&#8211; Controle de odores superior com Pipicat Odor Block.<\/p>\n","protected":false},"excerpt":{"rendered":"<p>&#8211; Sem fragr\u00e2ncia; &#8211; Gr\u00e3os m\u00e9dios; &#8211; Forma torr\u00f5es que facilitam a limpeza; &#8211; Controle de odores superior com Pipicat Odor Block.<\/p>\n","protected":false},"featured_media":532,"comment_status":"open","ping_status":"closed","template":"","meta":[],"product_brand":[],"product_cat":[86],"product_tag":[],"class_list":{"0":"post-531","1":"product","2":"type-product","3":"status-publish","4":"has-post-thumbnail","6":"product_cat-areia-gatos","8":"first","9":"instock","10":"shipping-taxable","11":"purchasable","12":"product-type-simple"},"_links":{"self":[{"href":"https:\/\/cersulpetshop.com.br\/produtos\/index.php?rest_route=\/wp\/v2\/product\/531","targetHints":{"allow":["GET"]}}],"collection":[{"href":"https:\/\/cersulpetshop.com.br\/produtos\/index.php?rest_route=\/wp\/v2\/product"}],"about":[{"href":"https:\/\/cersulpetshop.com.br\/produtos\/index.php?rest_route=\/wp\/v2\/types\/product"}],"replies":[{"embeddable":true,"href":"https:\/\/cersulpetshop.com.br\/produtos\/index.php?rest_route=%2Fwp%2Fv2%2Fcomments&post=531"}],"wp:featuredmedia":[{"embeddable":true,"href":"https:\/\/cersulpetshop.com.br\/produtos\/index.php?rest_route=\/wp\/v2\/media\/532"}],"wp:attachment":[{"href":"https:\/\/cersulpetshop.com.br\/produtos\/index.php?rest_route=%2Fwp%2Fv2%2Fmedia&parent=531"}],"wp:term":[{"taxonomy":"product_brand","embeddable":true,"href":"https:\/\/cersulpetshop.com.br\/produtos\/index.php?rest_route=%2Fwp%2Fv2%2Fproduct_brand&post=531"},{"taxonomy":"product_cat","embeddable":true,"href":"https:\/\/cersulpetshop.com.br\/produtos\/index.php?rest_route=%2Fwp%2Fv2%2Fproduct_cat&post=531"},{"taxonomy":"product_tag","embeddable":true,"href":"https:\/\/cersulpetshop.com.br\/produtos\/index.php?rest_route=%2Fwp%2Fv2%2Fproduct_tag&post=531"}],"curies":[{"name":"wp","href":"https:\/\/api.w.org\/{rel}","templated":true}]}}