{"id":729,"date":"2025-09-03T10:27:35","date_gmt":"2025-09-03T13:27:35","guid":{"rendered":"https:\/\/cersulpetshop.com.br\/produtos\/?post_type=product&#038;p=729"},"modified":"2025-09-03T10:27:36","modified_gmt":"2025-09-03T13:27:36","slug":"origens-bolas-de-pelo-carne-40g","status":"publish","type":"product","link":"https:\/\/cersulpetshop.com.br\/produtos\/?product=origens-bolas-de-pelo-carne-40g","title":{"rendered":"ORIGENS BOLAS DE PELO CARNE 40G"},"content":{"rendered":"<p>Ofere\u00e7a Origens Petiscos ao seu gatinho para agrad\u00e1-lo, como recompensa por alguma tarefa cumprida ou para demonstrar todo seu carinho. Este alimento \u00e9 espec\u00edfico para gatos e n\u00e3o substitui o alimento completo.<\/p>\n","protected":false},"excerpt":{"rendered":"<p>Ofere\u00e7a Origens Petiscos ao seu gatinho para agrad\u00e1-lo, como recompensa por alguma tarefa cumprida ou para demonstrar todo seu carinho. Este alimento \u00e9 espec\u00edfico para gatos e n\u00e3o substitui o alimento completo.<\/p>\n","protected":false},"featured_media":730,"comment_status":"open","ping_status":"closed","template":"","meta":[],"product_brand":[],"product_cat":[96,89],"product_tag":[23,100],"class_list":{"0":"post-729","1":"product","2":"type-product","3":"status-publish","4":"has-post-thumbnail","6":"product_cat-biscoitos-petiscos-gatos","7":"product_cat-petiscos-gatos","8":"product_tag-gatos","9":"product_tag-petiscos","11":"first","12":"instock","13":"shipping-taxable","14":"purchasable","15":"product-type-simple"},"_links":{"self":[{"href":"https:\/\/cersulpetshop.com.br\/produtos\/index.php?rest_route=\/wp\/v2\/product\/729","targetHints":{"allow":["GET"]}}],"collection":[{"href":"https:\/\/cersulpetshop.com.br\/produtos\/index.php?rest_route=\/wp\/v2\/product"}],"about":[{"href":"https:\/\/cersulpetshop.com.br\/produtos\/index.php?rest_route=\/wp\/v2\/types\/product"}],"replies":[{"embeddable":true,"href":"https:\/\/cersulpetshop.com.br\/produtos\/index.php?rest_route=%2Fwp%2Fv2%2Fcomments&post=729"}],"wp:featuredmedia":[{"embeddable":true,"href":"https:\/\/cersulpetshop.com.br\/produtos\/index.php?rest_route=\/wp\/v2\/media\/730"}],"wp:attachment":[{"href":"https:\/\/cersulpetshop.com.br\/produtos\/index.php?rest_route=%2Fwp%2Fv2%2Fmedia&parent=729"}],"wp:term":[{"taxonomy":"product_brand","embeddable":true,"href":"https:\/\/cersulpetshop.com.br\/produtos\/index.php?rest_route=%2Fwp%2Fv2%2Fproduct_brand&post=729"},{"taxonomy":"product_cat","embeddable":true,"href":"https:\/\/cersulpetshop.com.br\/produtos\/index.php?rest_route=%2Fwp%2Fv2%2Fproduct_cat&post=729"},{"taxonomy":"product_tag","embeddable":true,"href":"https:\/\/cersulpetshop.com.br\/produtos\/index.php?rest_route=%2Fwp%2Fv2%2Fproduct_tag&post=729"}],"curies":[{"name":"wp","href":"https:\/\/api.w.org\/{rel}","templated":true}]}}