{"id":877,"date":"2025-09-09T16:56:31","date_gmt":"2025-09-09T19:56:31","guid":{"rendered":"https:\/\/cersulpetshop.com.br\/produtos\/?post_type=product&#038;p=877"},"modified":"2025-09-09T16:56:33","modified_gmt":"2025-09-09T19:56:33","slug":"whiskas-sabor-carne-290g","status":"publish","type":"product","link":"https:\/\/cersulpetshop.com.br\/produtos\/?product=whiskas-sabor-carne-290g","title":{"rendered":"WHISKAS SABOR CARNE 290G"},"content":{"rendered":"<p>Descri\u00e7\u00e3o<br \/>\n&#8211; Indicada para gatos adultos;<br \/>\n&#8211; Delicioso sabor de carne ao molho para os felinos;<br \/>\n&#8211; Conta com textura \u00fanica e mais apetitosa para os pets;<br \/>\n&#8211; Alimento \u00famido, completo e balanceado,<br \/>\n&#8211; Dispon\u00edvel em lata com 290 g.<\/p>\n","protected":false},"excerpt":{"rendered":"<p>Descri\u00e7\u00e3o &#8211; Indicada para gatos adultos; &#8211; Delicioso sabor de carne ao molho para os felinos; &#8211; Conta com textura \u00fanica e mais apetitosa para os pets; &#8211; Alimento \u00famido, completo e balanceado, &#8211; Dispon\u00edvel em lata com 290 g.<\/p>\n","protected":false},"featured_media":878,"comment_status":"open","ping_status":"closed","template":"","meta":[],"product_brand":[],"product_cat":[98,89],"product_tag":[],"class_list":{"0":"post-877","1":"product","2":"type-product","3":"status-publish","4":"has-post-thumbnail","6":"product_cat-latas-de-pate","7":"product_cat-petiscos-gatos","9":"first","10":"instock","11":"shipping-taxable","12":"purchasable","13":"product-type-simple"},"_links":{"self":[{"href":"https:\/\/cersulpetshop.com.br\/produtos\/index.php?rest_route=\/wp\/v2\/product\/877","targetHints":{"allow":["GET"]}}],"collection":[{"href":"https:\/\/cersulpetshop.com.br\/produtos\/index.php?rest_route=\/wp\/v2\/product"}],"about":[{"href":"https:\/\/cersulpetshop.com.br\/produtos\/index.php?rest_route=\/wp\/v2\/types\/product"}],"replies":[{"embeddable":true,"href":"https:\/\/cersulpetshop.com.br\/produtos\/index.php?rest_route=%2Fwp%2Fv2%2Fcomments&post=877"}],"wp:featuredmedia":[{"embeddable":true,"href":"https:\/\/cersulpetshop.com.br\/produtos\/index.php?rest_route=\/wp\/v2\/media\/878"}],"wp:attachment":[{"href":"https:\/\/cersulpetshop.com.br\/produtos\/index.php?rest_route=%2Fwp%2Fv2%2Fmedia&parent=877"}],"wp:term":[{"taxonomy":"product_brand","embeddable":true,"href":"https:\/\/cersulpetshop.com.br\/produtos\/index.php?rest_route=%2Fwp%2Fv2%2Fproduct_brand&post=877"},{"taxonomy":"product_cat","embeddable":true,"href":"https:\/\/cersulpetshop.com.br\/produtos\/index.php?rest_route=%2Fwp%2Fv2%2Fproduct_cat&post=877"},{"taxonomy":"product_tag","embeddable":true,"href":"https:\/\/cersulpetshop.com.br\/produtos\/index.php?rest_route=%2Fwp%2Fv2%2Fproduct_tag&post=877"}],"curies":[{"name":"wp","href":"https:\/\/api.w.org\/{rel}","templated":true}]}}